{"id":720,"date":"2026-01-19T16:45:17","date_gmt":"2026-01-19T19:45:17","guid":{"rendered":"https:\/\/incubaconsultores.com.ar\/main\/?page_id=720"},"modified":"2026-01-20T12:38:27","modified_gmt":"2026-01-20T15:38:27","slug":"people","status":"publish","type":"page","link":"https:\/\/incubaconsultores.com.ar\/main\/people\/","title":{"rendered":"People"},"content":{"rendered":"\n<div class=\"wp-block-cover has-parallax has-custom-content-position is-position-top-left\"><div class=\"wp-block-cover__image-background wp-image-694 size-large has-parallax\" style=\"background-position:50% 50%;background-image:url(https:\/\/incubaconsultores.com.ar\/main\/wp-content\/uploads\/2026\/01\/Incuba-web-2026-People-1024x683.jpg)\"><\/div><span aria-hidden=\"true\" class=\"wp-block-cover__background has-accent-4-background-color has-background-dim-60 has-background-dim\"><\/span><div class=\"wp-block-cover__inner-container has-global-padding is-layout-constrained wp-container-core-cover-is-layout-12243e0f wp-block-cover-is-layout-constrained\">\n<h1 class=\"wp-block-heading alignfull has-text-align-left has-xx-large-font-size\">People<\/h1>\n\n\n\n<h2 class=\"wp-block-heading\">Capacidades y liderazgo para sostener la transformaci\u00f3n.<\/h2>\n\n\n\n<h2 class=\"wp-block-heading\">Cu\u00e1ndo aplica<\/h2>\n\n\n\n<ul class=\"wp-block-list\">\n<li>Hay cambio, pero el equipo no acompa\u00f1a<\/li>\n\n\n\n<li>Falta ownership y accountability<\/li>\n\n\n\n<li>Ten\u00e9s l\u00edderes t\u00e9cnicos fuertes pero sin gesti\u00f3n<\/li>\n<\/ul>\n\n\n\n<h2 class=\"wp-block-heading\">Ejemplos t\u00edpicos de proyectos<\/h2>\n\n\n\n<p>&#x2705; Planes de capacitaci\u00f3n por rol (PM, l\u00edderes, analistas)<br>&#x2705; Workshops de alineaci\u00f3n entre \u00e1reas<br>&#x2705; Desarrollo de l\u00edderes para ejecuci\u00f3n y control<br>&#x2705; Cultura de m\u00e9tricas y objetivos (OKRs \/ KPIs)<br>&#x2705; Coaching para equipos en transformaci\u00f3n<\/p>\n\n\n\n<h2 class=\"wp-block-heading\">Qu\u00e9 entregamos<\/h2>\n\n\n\n<ul class=\"wp-block-list\">\n<li>Seguimiento y adopci\u00f3n<\/li>\n\n\n\n<li>Diagn\u00f3stico de capacidades<\/li>\n\n\n\n<li>Plan de entrenamiento por perfiles<\/li>\n\n\n\n<li>Talleres pr\u00e1cticos + materiales<\/li>\n<\/ul>\n\n\n\n<div class=\"wp-block-buttons is-layout-flex wp-block-buttons-is-layout-flex\">\n<div class=\"wp-block-button\"><a class=\"wp-block-button__link has-contrast-color has-accent-1-background-color has-text-color has-background has-link-color wp-element-button\" href=\"https:\/\/outlook.office.com\/book\/ReuninIncuba@incubaconsultores.com.ar\/?ismsaljsauthenabled=true\">Agend\u00e1 un diagn\u00f3stico<\/a><\/div>\n\n\n\n<div class=\"wp-block-button is-style-outline is-style-outline--1\"><a class=\"wp-block-button__link has-base-color has-accent-4-background-color has-text-color has-background has-link-color wp-element-button\" href=\"https:\/\/incubaconsultores.com.ar\/main\/change-management\/\">Conoc\u00e9 Gesti\u00f3n del cambio<\/a><\/div>\n<\/div>\n<\/div><\/div>\n\n\n\n<p><\/p>\n","protected":false},"excerpt":{"rendered":"","protected":false},"author":2,"featured_media":0,"parent":0,"menu_order":0,"comment_status":"closed","ping_status":"closed","template":"servicios-2","meta":{"footnotes":""},"class_list":["post-720","page","type-page","status-publish","hentry"],"yoast_head":"<!-- This site is optimized with the Yoast SEO plugin v27.5 - https:\/\/yoast.com\/product\/yoast-seo-wordpress\/ -->\n<title>People: Capacitaci\u00f3n y Liderazgo | Incuba Consultores<\/title>\n<meta name=\"description\" content=\"Dise\u00f1amos capacitaciones y planes de desarrollo para sostener transformaciones. Workshops, liderazgo, adopci\u00f3n y seguimiento con impacto medible. Hablemos 15 min.\" \/>\n<meta name=\"robots\" content=\"index, follow, max-snippet:-1, max-image-preview:large, max-video-preview:-1\" \/>\n<link rel=\"canonical\" href=\"https:\/\/incubaconsultores.com.ar\/main\/people\/\" \/>\n<meta property=\"og:locale\" content=\"es_ES\" \/>\n<meta property=\"og:type\" content=\"article\" \/>\n<meta property=\"og:title\" content=\"People: Capacitaci\u00f3n y Liderazgo | Incuba Consultores\" \/>\n<meta property=\"og:description\" content=\"Dise\u00f1amos capacitaciones y planes de desarrollo para sostener transformaciones. Workshops, liderazgo, adopci\u00f3n y seguimiento con impacto medible. Hablemos 15 min.\" \/>\n<meta property=\"og:url\" content=\"https:\/\/incubaconsultores.com.ar\/main\/people\/\" \/>\n<meta property=\"og:site_name\" content=\"Incuba Consultores\" \/>\n<meta property=\"article:publisher\" content=\"https:\/\/www.facebook.com\/IncubaConsultores\/\" \/>\n<meta property=\"article:modified_time\" content=\"2026-01-20T15:38:27+00:00\" \/>\n<meta property=\"og:image\" content=\"https:\/\/incubaconsultores.com.ar\/main\/wp-content\/uploads\/2016\/12\/logo-01.png\" \/>\n\t<meta property=\"og:image:width\" content=\"600\" \/>\n\t<meta property=\"og:image:height\" content=\"294\" \/>\n\t<meta property=\"og:image:type\" content=\"image\/png\" \/>\n<meta name=\"twitter:card\" content=\"summary_large_image\" \/>\n<meta name=\"twitter:label1\" content=\"Tiempo de lectura\" \/>\n\t<meta name=\"twitter:data1\" content=\"1 minuto\" \/>\n<script type=\"application\/ld+json\" class=\"yoast-schema-graph\">{\"@context\":\"https:\\\/\\\/schema.org\",\"@graph\":[{\"@type\":\"WebPage\",\"@id\":\"https:\\\/\\\/incubaconsultores.com.ar\\\/main\\\/people\\\/\",\"url\":\"https:\\\/\\\/incubaconsultores.com.ar\\\/main\\\/people\\\/\",\"name\":\"People: Capacitaci\u00f3n y Liderazgo | Incuba Consultores\",\"isPartOf\":{\"@id\":\"https:\\\/\\\/incubaconsultores.com.ar\\\/main\\\/#website\"},\"datePublished\":\"2026-01-19T19:45:17+00:00\",\"dateModified\":\"2026-01-20T15:38:27+00:00\",\"description\":\"Dise\u00f1amos capacitaciones y planes de desarrollo para sostener transformaciones. Workshops, liderazgo, adopci\u00f3n y seguimiento con impacto medible. Hablemos 15 min.\",\"breadcrumb\":{\"@id\":\"https:\\\/\\\/incubaconsultores.com.ar\\\/main\\\/people\\\/#breadcrumb\"},\"inLanguage\":\"es-AR\",\"potentialAction\":[{\"@type\":\"ReadAction\",\"target\":[\"https:\\\/\\\/incubaconsultores.com.ar\\\/main\\\/people\\\/\"]}]},{\"@type\":\"BreadcrumbList\",\"@id\":\"https:\\\/\\\/incubaconsultores.com.ar\\\/main\\\/people\\\/#breadcrumb\",\"itemListElement\":[{\"@type\":\"ListItem\",\"position\":1,\"name\":\"Inicio\",\"item\":\"https:\\\/\\\/incubaconsultores.com.ar\\\/main\\\/\"},{\"@type\":\"ListItem\",\"position\":2,\"name\":\"People\"}]},{\"@type\":\"WebSite\",\"@id\":\"https:\\\/\\\/incubaconsultores.com.ar\\\/main\\\/#website\",\"url\":\"https:\\\/\\\/incubaconsultores.com.ar\\\/main\\\/\",\"name\":\"Incuba Consultores\",\"description\":\"Consultor\u00eda en procesos, gesti\u00f3n del cambio, PM y tecnolog\u00eda.\",\"publisher\":{\"@id\":\"https:\\\/\\\/incubaconsultores.com.ar\\\/main\\\/#organization\"},\"potentialAction\":[{\"@type\":\"SearchAction\",\"target\":{\"@type\":\"EntryPoint\",\"urlTemplate\":\"https:\\\/\\\/incubaconsultores.com.ar\\\/main\\\/?s={search_term_string}\"},\"query-input\":{\"@type\":\"PropertyValueSpecification\",\"valueRequired\":true,\"valueName\":\"search_term_string\"}}],\"inLanguage\":\"es-AR\"},{\"@type\":\"Organization\",\"@id\":\"https:\\\/\\\/incubaconsultores.com.ar\\\/main\\\/#organization\",\"name\":\"INCUBA CONSULTORES\",\"alternateName\":\"INCUBA CONSULTORES\",\"url\":\"https:\\\/\\\/incubaconsultores.com.ar\\\/main\\\/\",\"logo\":{\"@type\":\"ImageObject\",\"inLanguage\":\"es-AR\",\"@id\":\"https:\\\/\\\/incubaconsultores.com.ar\\\/main\\\/#\\\/schema\\\/logo\\\/image\\\/\",\"url\":\"https:\\\/\\\/incubaconsultores.com.ar\\\/main\\\/wp-content\\\/uploads\\\/2016\\\/12\\\/logo-01.png\",\"contentUrl\":\"https:\\\/\\\/incubaconsultores.com.ar\\\/main\\\/wp-content\\\/uploads\\\/2016\\\/12\\\/logo-01.png\",\"width\":600,\"height\":294,\"caption\":\"INCUBA CONSULTORES\"},\"image\":{\"@id\":\"https:\\\/\\\/incubaconsultores.com.ar\\\/main\\\/#\\\/schema\\\/logo\\\/image\\\/\"},\"sameAs\":[\"https:\\\/\\\/www.facebook.com\\\/IncubaConsultores\\\/\",\"https:\\\/\\\/ar.linkedin.com\\\/company\\\/incuba-consultores\"]}]}<\/script>\n<!-- \/ Yoast SEO plugin. -->","yoast_head_json":{"title":"People: Capacitaci\u00f3n y Liderazgo | Incuba Consultores","description":"Dise\u00f1amos capacitaciones y planes de desarrollo para sostener transformaciones. Workshops, liderazgo, adopci\u00f3n y seguimiento con impacto medible. Hablemos 15 min.","robots":{"index":"index","follow":"follow","max-snippet":"max-snippet:-1","max-image-preview":"max-image-preview:large","max-video-preview":"max-video-preview:-1"},"canonical":"https:\/\/incubaconsultores.com.ar\/main\/people\/","og_locale":"es_ES","og_type":"article","og_title":"People: Capacitaci\u00f3n y Liderazgo | Incuba Consultores","og_description":"Dise\u00f1amos capacitaciones y planes de desarrollo para sostener transformaciones. Workshops, liderazgo, adopci\u00f3n y seguimiento con impacto medible. Hablemos 15 min.","og_url":"https:\/\/incubaconsultores.com.ar\/main\/people\/","og_site_name":"Incuba Consultores","article_publisher":"https:\/\/www.facebook.com\/IncubaConsultores\/","article_modified_time":"2026-01-20T15:38:27+00:00","og_image":[{"width":600,"height":294,"url":"https:\/\/incubaconsultores.com.ar\/main\/wp-content\/uploads\/2016\/12\/logo-01.png","type":"image\/png"}],"twitter_card":"summary_large_image","twitter_misc":{"Tiempo de lectura":"1 minuto"},"schema":{"@context":"https:\/\/schema.org","@graph":[{"@type":"WebPage","@id":"https:\/\/incubaconsultores.com.ar\/main\/people\/","url":"https:\/\/incubaconsultores.com.ar\/main\/people\/","name":"People: Capacitaci\u00f3n y Liderazgo | Incuba Consultores","isPartOf":{"@id":"https:\/\/incubaconsultores.com.ar\/main\/#website"},"datePublished":"2026-01-19T19:45:17+00:00","dateModified":"2026-01-20T15:38:27+00:00","description":"Dise\u00f1amos capacitaciones y planes de desarrollo para sostener transformaciones. Workshops, liderazgo, adopci\u00f3n y seguimiento con impacto medible. Hablemos 15 min.","breadcrumb":{"@id":"https:\/\/incubaconsultores.com.ar\/main\/people\/#breadcrumb"},"inLanguage":"es-AR","potentialAction":[{"@type":"ReadAction","target":["https:\/\/incubaconsultores.com.ar\/main\/people\/"]}]},{"@type":"BreadcrumbList","@id":"https:\/\/incubaconsultores.com.ar\/main\/people\/#breadcrumb","itemListElement":[{"@type":"ListItem","position":1,"name":"Inicio","item":"https:\/\/incubaconsultores.com.ar\/main\/"},{"@type":"ListItem","position":2,"name":"People"}]},{"@type":"WebSite","@id":"https:\/\/incubaconsultores.com.ar\/main\/#website","url":"https:\/\/incubaconsultores.com.ar\/main\/","name":"Incuba Consultores","description":"Consultor\u00eda en procesos, gesti\u00f3n del cambio, PM y tecnolog\u00eda.","publisher":{"@id":"https:\/\/incubaconsultores.com.ar\/main\/#organization"},"potentialAction":[{"@type":"SearchAction","target":{"@type":"EntryPoint","urlTemplate":"https:\/\/incubaconsultores.com.ar\/main\/?s={search_term_string}"},"query-input":{"@type":"PropertyValueSpecification","valueRequired":true,"valueName":"search_term_string"}}],"inLanguage":"es-AR"},{"@type":"Organization","@id":"https:\/\/incubaconsultores.com.ar\/main\/#organization","name":"INCUBA CONSULTORES","alternateName":"INCUBA CONSULTORES","url":"https:\/\/incubaconsultores.com.ar\/main\/","logo":{"@type":"ImageObject","inLanguage":"es-AR","@id":"https:\/\/incubaconsultores.com.ar\/main\/#\/schema\/logo\/image\/","url":"https:\/\/incubaconsultores.com.ar\/main\/wp-content\/uploads\/2016\/12\/logo-01.png","contentUrl":"https:\/\/incubaconsultores.com.ar\/main\/wp-content\/uploads\/2016\/12\/logo-01.png","width":600,"height":294,"caption":"INCUBA CONSULTORES"},"image":{"@id":"https:\/\/incubaconsultores.com.ar\/main\/#\/schema\/logo\/image\/"},"sameAs":["https:\/\/www.facebook.com\/IncubaConsultores\/","https:\/\/ar.linkedin.com\/company\/incuba-consultores"]}]}},"_links":{"self":[{"href":"https:\/\/incubaconsultores.com.ar\/main\/wp-json\/wp\/v2\/pages\/720","targetHints":{"allow":["GET"]}}],"collection":[{"href":"https:\/\/incubaconsultores.com.ar\/main\/wp-json\/wp\/v2\/pages"}],"about":[{"href":"https:\/\/incubaconsultores.com.ar\/main\/wp-json\/wp\/v2\/types\/page"}],"author":[{"embeddable":true,"href":"https:\/\/incubaconsultores.com.ar\/main\/wp-json\/wp\/v2\/users\/2"}],"replies":[{"embeddable":true,"href":"https:\/\/incubaconsultores.com.ar\/main\/wp-json\/wp\/v2\/comments?post=720"}],"version-history":[{"count":10,"href":"https:\/\/incubaconsultores.com.ar\/main\/wp-json\/wp\/v2\/pages\/720\/revisions"}],"predecessor-version":[{"id":770,"href":"https:\/\/incubaconsultores.com.ar\/main\/wp-json\/wp\/v2\/pages\/720\/revisions\/770"}],"wp:attachment":[{"href":"https:\/\/incubaconsultores.com.ar\/main\/wp-json\/wp\/v2\/media?parent=720"}],"curies":[{"name":"wp","href":"https:\/\/api.w.org\/{rel}","templated":true}]}}

<div class="wp-block-cover has-parallax has-custom-content-position is-position-top-left"><div class="wp-block-cover__image-background wp-image-694 size-large has-parallax" style="background-position:50% 50%;background-image:url(https://incubaconsultores.com.ar/main/wp-content/uploads/2026/01/Incuba-web-2026-People-1024x683.jpg)"></div><span aria-hidden="true" class="wp-block-cover__background has-accent-4-background-color has-background-dim-60 has-background-dim"></span><div class="wp-block-cover__inner-container has-global-padding is-layout-constrained wp-container-core-cover-is-layout-12243e0f wp-block-cover-is-layout-constrained">
<h1 class="wp-block-heading alignfull has-text-align-left has-xx-large-font-size">People</h1>



<h2 class="wp-block-heading">Capacidades y liderazgo para sostener la transformación.</h2>



<h2 class="wp-block-heading">Cuándo aplica</h2>



<ul class="wp-block-list">
<li>Hay cambio, pero el equipo no acompaña</li>



<li>Falta ownership y accountability</li>



<li>Tenés líderes técnicos fuertes pero sin gestión</li>
</ul>



<h2 class="wp-block-heading">Ejemplos típicos de proyectos</h2>



<p>&#x2705; Planes de capacitación por rol (PM, líderes, analistas)<br>&#x2705; Workshops de alineación entre áreas<br>&#x2705; Desarrollo de líderes para ejecución y control<br>&#x2705; Cultura de métricas y objetivos (OKRs / KPIs)<br>&#x2705; Coaching para equipos en transformación</p>



<h2 class="wp-block-heading">Qué entregamos</h2>



<ul class="wp-block-list">
<li>Seguimiento y adopción</li>



<li>Diagnóstico de capacidades</li>



<li>Plan de entrenamiento por perfiles</li>



<li>Talleres prácticos + materiales</li>
</ul>



<div class="wp-block-buttons is-layout-flex wp-block-buttons-is-layout-flex">
<div class="wp-block-button"><a class="wp-block-button__link has-contrast-color has-accent-1-background-color has-text-color has-background has-link-color wp-element-button" href="https://outlook.office.com/book/ReuninIncuba@incubaconsultores.com.ar/?ismsaljsauthenabled=true">Agendá un diagnóstico</a></div>



<div class="wp-block-button is-style-outline is-style-outline--1"><a class="wp-block-button__link has-base-color has-accent-4-background-color has-text-color has-background has-link-color wp-element-button" href="https://incubaconsultores.com.ar/main/change-management/">Conocé Gestión del cambio</a></div>
</div>
</div></div>



<p></p>

<!-- This site is optimized with the Yoast SEO plugin v27.5 - https://yoast.com/product/yoast-seo-wordpress/ -->
<title>People: Capacitación y Liderazgo | Incuba Consultores</title>
<meta name="description" content="Diseñamos capacitaciones y planes de desarrollo para sostener transformaciones. Workshops, liderazgo, adopción y seguimiento con impacto medible. Hablemos 15 min." />
<meta name="robots" content="index, follow, max-snippet:-1, max-image-preview:large, max-video-preview:-1" />
<link rel="canonical" href="https://incubaconsultores.com.ar/main/people/" />
<meta property="og:locale" content="es_ES" />
<meta property="og:type" content="article" />
<meta property="og:title" content="People: Capacitación y Liderazgo | Incuba Consultores" />
<meta property="og:description" content="Diseñamos capacitaciones y planes de desarrollo para sostener transformaciones. Workshops, liderazgo, adopción y seguimiento con impacto medible. Hablemos 15 min." />
<meta property="og:url" content="https://incubaconsultores.com.ar/main/people/" />
<meta property="og:site_name" content="Incuba Consultores" />
<meta property="article:publisher" content="https://www.facebook.com/IncubaConsultores/" />
<meta property="article:modified_time" content="2026-01-20T15:38:27+00:00" />
<meta property="og:image" content="https://incubaconsultores.com.ar/main/wp-content/uploads/2016/12/logo-01.png" />
	<meta property="og:image:width" content="600" />
	<meta property="og:image:height" content="294" />
	<meta property="og:image:type" content="image/png" />
<meta name="twitter:card" content="summary_large_image" />
<meta name="twitter:label1" content="Tiempo de lectura" />
	<meta name="twitter:data1" content="1 minuto" />
<script type="application/ld+json" class="yoast-schema-graph">{"@context":"https:\/\/schema.org","@graph":[{"@type":"WebPage","@id":"https:\/\/incubaconsultores.com.ar\/main\/people\/","url":"https:\/\/incubaconsultores.com.ar\/main\/people\/","name":"People: Capacitación y Liderazgo | Incuba Consultores","isPartOf":{"@id":"https:\/\/incubaconsultores.com.ar\/main\/#website"},"datePublished":"2026-01-19T19:45:17+00:00","dateModified":"2026-01-20T15:38:27+00:00","description":"Diseñamos capacitaciones y planes de desarrollo para sostener transformaciones. Workshops, liderazgo, adopción y seguimiento con impacto medible. Hablemos 15 min.","breadcrumb":{"@id":"https:\/\/incubaconsultores.com.ar\/main\/people\/#breadcrumb"},"inLanguage":"es-AR","potentialAction":[{"@type":"ReadAction","target":["https:\/\/incubaconsultores.com.ar\/main\/people\/"]}]},{"@type":"BreadcrumbList","@id":"https:\/\/incubaconsultores.com.ar\/main\/people\/#breadcrumb","itemListElement":[{"@type":"ListItem","position":1,"name":"Inicio","item":"https:\/\/incubaconsultores.com.ar\/main\/"},{"@type":"ListItem","position":2,"name":"People"}]},{"@type":"WebSite","@id":"https:\/\/incubaconsultores.com.ar\/main\/#website","url":"https:\/\/incubaconsultores.com.ar\/main\/","name":"Incuba Consultores","description":"Consultoría en procesos, gestión del cambio, PM y tecnología.","publisher":{"@id":"https:\/\/incubaconsultores.com.ar\/main\/#organization"},"potentialAction":[{"@type":"SearchAction","target":{"@type":"EntryPoint","urlTemplate":"https:\/\/incubaconsultores.com.ar\/main\/?s={search_term_string}"},"query-input":{"@type":"PropertyValueSpecification","valueRequired":true,"valueName":"search_term_string"}}],"inLanguage":"es-AR"},{"@type":"Organization","@id":"https:\/\/incubaconsultores.com.ar\/main\/#organization","name":"INCUBA CONSULTORES","alternateName":"INCUBA CONSULTORES","url":"https:\/\/incubaconsultores.com.ar\/main\/","logo":{"@type":"ImageObject","inLanguage":"es-AR","@id":"https:\/\/incubaconsultores.com.ar\/main\/#\/schema\/logo\/image\/","url":"https:\/\/incubaconsultores.com.ar\/main\/wp-content\/uploads\/2016\/12\/logo-01.png","contentUrl":"https:\/\/incubaconsultores.com.ar\/main\/wp-content\/uploads\/2016\/12\/logo-01.png","width":600,"height":294,"caption":"INCUBA CONSULTORES"},"image":{"@id":"https:\/\/incubaconsultores.com.ar\/main\/#\/schema\/logo\/image\/"},"sameAs":["https:\/\/www.facebook.com\/IncubaConsultores\/","https:\/\/ar.linkedin.com\/company\/incuba-consultores"]}]}</script>
<!-- / Yoast SEO plugin. -->

People: Capacitación y Liderazgo | Incuba Consultores

Diseñamos capacitaciones y planes de desarrollo para sostener transformaciones. Workshops, liderazgo, adopción y seguimiento con impacto medible. Hablemos 15 min.

Consultoría en procesos, gestión del cambio, PM y tecnología.
